1100010000100010
In base 9, what is -7 + -24577181?
-24577188
In base 4, what is 11322 + -201100330?
-201023002
In base 8, what is 2131563 + 102?
2131665
In base 13, what is c70a7375 - 1?
c70a7374
In base 2, what is 110111101101101001111111010 + 0?
110111101101101001111111010
In base 11, what is -9 + -22860559?
-22860567
In base 16, what is -606126b + 1?
-606126a
In base 9, what is -2 - 124643430?
-124643432
In base 5, what is -3021 - -111103?
103032
In base 4, what is -1112323331231 + 10?
-1112323331221
In base 10, what is -4 - 1894029?
-1894033
In base 2, what is -1011110000011000111 - -1001100101?
-1011101111001100010
In base 15, what is -10 + acb85?
acb75
In base 9, what is 2438816448 + 5?
2438816454
In base 2, what is 1 + -1110101001110110001111?
-1110101001110110001110
In base 4, what is 111112123313 - 123?
111112123130
In base 6, what is -4353 - 21013?
-25410
In base 13, what is -781 - -73aa?
6929
In base 10, what is -104719102 + -2?
-104719104
In base 4, what is -22232 + 22010200?
21321302
In base 10, what is 1937 - -97773?
99710
In base 4, what is 31 - -10112223?
10112320
In base 6, what is 430315 + 425?
431144
In base 12, what is 462238 - -170?
4623a8
In base 11, what is 3453a - -59?
34598
In base 15, what is 44c + -5c73?
-5826
In base 4, what is -2032322301212 - 0?
-2032322301212
In base 14, what is -9 + cb65b5?
cb65aa
In base 15, what is -1433 + -4a1?
-18d4
In base 12, what is 0 + -2627ba7?
-2627ba7
In base 11, what is -154348 - -274?
-154084
In base 16, what is c - -5e2ae?
5e2ba
In base 6, what is 1011005 + 301?
1011310
In base 4, what is -203132 + -103?
-203301
In base 8, what is -7 - 6655665?
-6655674
In base 8, what is -4 + -6124144?
-6124150
In base 14, what is -30457 - -183?
-302b4
In base 16, what is -b1f + -e0c?
-192b
In base 14, what is 2410767 - -8?
2410771
In base 10, what is 12680839 + 1?
12680840
In base 16, what is -3d8e6 - -13?
-3d8d3
In base 2, what is -1011001011110 + 1100010110010?
1001010100
In base 7, what is -420662125 + -10?
-420662135
In base 12, what is -101103 + a34?
-10028b
In base 3, what is 222102212212112 + -2121?
222102212202221
In base 11, what is 15 + -95728?
-95713
In base 7, what is -3 + 310461033?
310461030
In base 10, what is -3 + -37199276?
-37199279
In base 7, what is -6446 - 1502?
-11251
In base 3, what is -21 - 1012010121221?
-1012010122012
In base 2, what is -1100000011101000 - -10101011?
-1100000000111101
In base 15, what is 1 + 2eab19?
2eab1a
In base 4, what is -1 - 1022312011000?
-1022312011001
In base 6, what is 21243 - 21143?
100
In base 11, what is 2782 + 1661?
4333
In base 14, what is -22932b4 + 3?
-22932b1
In base 16, what is 10 - 2d1c09?
-2d1bf9
In base 12, what is 28 + -2425b01?
-2425a95
In base 9, what is -3886 - -2782?
-1104
In base 2, what is -11011010 - -11000111001101001?
11000110110001111
In base 2, what is 0 - -1000010000011101001111?
1000010000011101001111
In base 3, what is 1101202120101 + 0?
1101202120101
In base 6, what is 1304041 - 110?
1303531
In base 7, what is -5214626 + -635?
-5215564
In base 3, what is 100011202100 + -20221?
100011111102
In base 12, what is 13a2930 - 5?
13a2927
In base 13, what is -b91 - 1ba?
-107b
In base 2, what is -1000 + 10010010010000101001?
10010010010000100001
In base 2, what is 110 - -101100010000111110010?
101100010000111111000
In base 16, what is 34 - 2822b?
-281f7
In base 2, what is -110001 - 111000000011011100?
-111000000100001101
In base 5, what is 1 + -42342340432?
-42342340431
In base 2, what is 111011010 - 11010011010?
-10011000000
In base 9, what is 16 + -7217253?
-7217236
In base 3, what is -12 - 11110100112222?
-11110100120011
In base 14, what is -2ab0 + d8?
-29b6
In base 9, what is -320685 - -66?
-320618
In base 15, what is 2 + 2d6bde?
2d6be1
In base 16, what is -28 - -4f9ea9?
4f9e81
In base 15, what is -134851a + -3?
-134851d
In base 2, what is -10000 - 100001100111011100?
-100001100111101100
In base 3, what is -1000111 - 1011202211222?
-1011210212110
In base 8, what is -16520025 - 13?
-16520040
In base 2, what is 11001 + -1000100011000000?
-1000100010100111
In base 13, what is 2a73c - -a8?
2a817
In base 2, what is 1 - 110000100101001110011?
-110000100101001110010
In base 14, what is -5 + 31bb2b1?
31bb2aa
In base 13, what is 4c + 1743350?
174339c
In base 6, what is -51055021 + 2103?
-51052514
In base 8, what is -163 - -140167?
140004
In base 6, what is -1 + -420442330?
-420442331
In base 11, what is -705 - 114352?
-114a57
In base 7, what is 4264 - -564306?
601603
In base 6, what is -1514302115 - -2?
-1514302113
In base 15, what is -72274b3 + -7?
-72274ba
In base 5, what is 0 - -341113331?
341113331
In base 7, what is -11036 - -56543?
45504
In base 9, what is -186 - -57058?
56762
In base 15, what is -24 - 3ac7?
-3aeb
In base 10, what is 1881481 + -23?
1881458
In base 4, what is 1311321120311 + -12?
1311321120233
In base 5, what is -3 - 1301112412?
-1301112420
In base 12, what is -232 + -a569?
-a79b
In base 7, what is 53650620 - 100?
53650520
In base 6, what is 121024 - 12212?
104412
In base 5, what is 14 - -32233300?
32233314
In base 9, what is 6768255 - 5?
6768250
In base 3, what is 10020111022 - -12201211?
10110020010
In base 12, what is 1012863 + -20?
1012843
In base 3, what is -10001000211 - 10?
-10001000221
In base 4, what is -11 + -1221100301330?
-1221100302001
In base 8, what is -16141 + 2426?
-13513
In base 11, what is 9 + -221a136?
-221a128
In base 12, what is 1237b + 2a6?
12665
In base 12, what is 20 + 7546?
7566
In base 4, what is 110223023010003 + 0?
110223023010003
In base 5, what is 141132 - 2211?
133421
In base 7, what is -1 - 3066211034?
-3066211035
In base 4, what is 3 + -12230302123120?
-12230302123111
In base 11, what is 4 + -146096a?
-1460966
In base 3, what is 10011 - -10102212211020?
10102212221101
In base 10, what is 5 + 28030974?
28030979
In base 16, what is 1 + -bde332?
-bde331
In base 5, what is -101424 + -100103?
-202032
In base 10, what is -2467 + -6?
-2473
In base 12, what is 1590 + 1115?
26a5
In base 9, what is -7322 - -121335?
113013
In base 12, what is -15 - 182a10?
-182a25
In base 11, what is 27865694 - -4?
27865698
In base 9, what is 42465443 + -5?
42465437
In base 12, what is a19b45 - 1?
a19b44
In base 7, what is -4313 + 242123?
234510
In base 3, what is -10121 + 2002021211002?
2002021200111
In base 4, what is 10323121131213 - 10?
10323121131203
In base 16, what is -6884 + -173?
-69f7
In base 3, what is 20212001121111 - -111?
20212001121222
In base 12, what is -85860 + -733?
-86393
In base 16, what is -36eac - c?
-36eb8
In base 4, what is -1021 - -30212221?
30211200
In base 4, what is 332300302 + -302133?
331332103
In base 9, what is 401878 + -80?
401788
In base 11, what is 181 + 6349a?
63670
In base 13, what is 862a - 129?
8501
In base 9, what is 640 - -5717?
6457
In base 5, what is -21 - -41024403?
41024332
In base 15, what is c5b7 - 75b?
bd5b
In base 7, what is 3 - 2235662425?
-2235662422
In base 11, what is -4423 + -2002?
-6425
In base 4, what is 23200010 - 22?
23133322
In base 8, what is 2 + 44560546?
44560550
In base 4, what is 30213312100 + 21?
30213312121
In base 7, what is 31313023 + -3?
31313020
In base 15, what is 27869 - 11?
27858
In base 12, what is -5 - -19a4510a?
19a45105
In base 4, what is 33100 - -120221210?
120320310
In base 16, what is 8a7f - 5b?
8a24
In base 11, what is -4a - -a7347?
a72a8
In base 8, what is 1151 - -5042321?
5043472
In base 6, what is -335 + -315253?
-320032
In base 2, what is 1100001101110010111001101010 + -10?
1100001101110010111001101000
In base 6, what is -3 + -2013100?
-2013103
In base 15, what is -4d - 76dd0c?
-76dd5a
In base 3, what is 1112101 - -12220022?
21102200
In base 13, what is 18a - 3aa31?
-3a874
In base 3, what is -1202200110 + -2211011?
-1212111121
In base 5, what is -3320243434 + -21?
-3320244010
In base 5, what is -4131431 - 1242?
-4133223
In base 8, what is 714435 + -1633?
712602
In base 13, what is -8c + -14ac3?
-14b82
In base 16, what is -5 - 6a5b8a?
-6a5b8f
In base 8, what is 0 + 302507310?
302507310
In base 8, what is 1 + 55134417?
55134420
In base 9, what is 146718148 + 1?
146718150
In base 14, what is 7 - -22076d?
220776
In base 3, what is -212201112 + -101120?
-220010002
In base 3, what is -222010111 + 100112?
-221202222
In ba